{"id":422,"date":"2022-03-19T04:47:56","date_gmt":"2022-03-19T01:47:56","guid":{"rendered":"https:\/\/sifahatunyasamakademisi.com\/?page_id=422"},"modified":"2022-03-19T04:49:30","modified_gmt":"2022-03-19T01:49:30","slug":"cozum-odakli-terapi","status":"publish","type":"page","link":"https:\/\/sifahatunyasamakademisi.com\/index.php\/cozum-odakli-terapi\/","title":{"rendered":"\u00c7\u00d6Z\u00dcM ODAKLI TERAP\u0130"},"content":{"rendered":"\t\t<div data-elementor-type=\"wp-page\" data-elementor-id=\"422\" class=\"elementor elementor-422\" data-elementor-settings=\"[]\">\n\t\t\t\t\t\t\t<div class=\"elementor-section-wrap\">\n\t\t\t\t\t\t\t<section class=\"elementor-section elementor-top-section elementor-element elementor-element-087085f elementor-section-boxed elementor-section-height-default elementor-section-height-default\" data-id=\"087085f\" data-element_type=\"section\" data-settings=\"{&quot;background_background&quot;:&quot;classic&quot;}\">\n\t\t\t\t\t\t\t<div class=\"elementor-background-overlay\"><\/div>\n\t\t\t\t\t\t\t<div class=\"elementor-container elementor-column-gap-no\">\n\t\t\t\t\t<div class=\"elementor-column elementor-col-100 elementor-top-column elementor-element elementor-element-f500b0e\" data-id=\"f500b0e\" data-element_type=\"column\">\n\t\t\t<div class=\"elementor-widget-wrap elementor-element-populated\">\n\t\t\t\t\t\t\t\t<div class=\"elementor-element elementor-element-8b286d3 elementor-widget elementor-widget-heading\" data-id=\"8b286d3\" data-element_type=\"widget\" data-widget_type=\"heading.default\">\n\t\t\t\t<div class=\"elementor-widget-container\">\n\t\t\t<style>\/*! elementor - v3.5.6 - 28-02-2022 *\/\n.elementor-heading-title{padding:0;margin:0;line-height:1}.elementor-widget-heading .elementor-heading-title[class*=elementor-size-]>a{color:inherit;font-size:inherit;line-height:inherit}.elementor-widget-heading .elementor-heading-title.elementor-size-small{font-size:15px}.elementor-widget-heading .elementor-heading-title.elementor-size-medium{font-size:19px}.elementor-widget-heading .elementor-heading-title.elementor-size-large{font-size:29px}.elementor-widget-heading .elementor-heading-title.elementor-size-xl{font-size:39px}.elementor-widget-heading .elementor-heading-title.elementor-size-xxl{font-size:59px}<\/style><h1 class=\"elementor-heading-title elementor-size-default\">\u00c7\u00d6Z\u00dcM ODAKLI TERAP\u0130<\/h1>\t\t<\/div>\n\t\t\t\t<\/div>\n\t\t\t\t\t<\/div>\n\t\t<\/div>\n\t\t\t\t\t\t\t<\/div>\n\t\t<\/section>\n\t\t\t\t<section class=\"elementor-section elementor-top-section elementor-element elementor-element-e890068 elementor-section-boxed elementor-section-height-default elementor-section-height-default\" data-id=\"e890068\" data-element_type=\"section\">\n\t\t\t\t\t\t<div class=\"elementor-container elementor-column-gap-default\">\n\t\t\t\t\t<div class=\"elementor-column elementor-col-100 elementor-top-column elementor-element elementor-element-03cb17a\" data-id=\"03cb17a\" data-element_type=\"column\">\n\t\t\t<div class=\"elementor-widget-wrap elementor-element-populated\">\n\t\t\t\t\t\t\t\t<div class=\"elementor-element elementor-element-9d189b9 elementor-widget elementor-widget-text-editor\" data-id=\"9d189b9\" data-element_type=\"widget\" data-widget_type=\"text-editor.default\">\n\t\t\t\t<div class=\"elementor-widget-container\">\n\t\t\t<style>\/*! elementor - v3.5.6 - 28-02-2022 *\/\n.elementor-widget-text-editor.elementor-drop-cap-view-stacked .elementor-drop-cap{background-color:#818a91;color:#fff}.elementor-widget-text-editor.elementor-drop-cap-view-framed .elementor-drop-cap{color:#818a91;border:3px solid;background-color:transparent}.elementor-widget-text-editor:not(.elementor-drop-cap-view-default) .elementor-drop-cap{margin-top:8px}.elementor-widget-text-editor:not(.elementor-drop-cap-view-default) .elementor-drop-cap-letter{width:1em;height:1em}.elementor-widget-text-editor .elementor-drop-cap{float:left;text-align:center;line-height:1;font-size:50px}.elementor-widget-text-editor .elementor-drop-cap-letter{display:inline-block}<\/style>\t\t\t\t<p>\u00c7\u00f6z\u00fcm Odakl\u0131 Terapi dan\u0131\u015fan\u0131 terapiye y\u00f6nlendiren sorunlar\u0131n niteli\u011fine odaklanmak yerine, terapi s\u00fcreci sonunda elde etmek istedikleri ve ba\u015farmak istedikleri hedefler \u00fczerine odaklanan 50 y\u0131ll\u0131k bir terapi y\u00f6ntemidir. Geleneksel terapiler, b\u00fcy\u00fck \u00f6l\u00e7\u00fcde ge\u00e7mi\u015fe, ge\u00e7mi\u015fte ya\u015fanan olaylara, ili\u015fkilere odaklan\u0131r. \u00c7\u00f6z\u00fcm Odakl\u0131 Terapi ise, hedefleri netle\u015ftirmeye ve dan\u0131\u015fan\u0131n ayn\u0131 sorunlarla ge\u00e7mi\u015fte ba\u015fa \u00e7\u0131kabildi\u011fi durumlara odaklan\u0131r. K\u0131sacas\u0131, bu terapide \u00f6nemli olan dan\u0131\u015fan\u0131n ge\u00e7mi\u015fi de\u011fil, \u015fu andaki durumu ve gelece\u011fidir.<\/p><p>Terapist, dan\u0131\u015fana ger\u00e7ekle\u015fmesini istedi\u011fi gelece\u011fi d\u00fc\u015f\u00fcnmesini s\u00f6yler ve bu a\u015famadan sonra dan\u0131\u015fan ve terapist, beraber \u00e7al\u0131\u015farak dan\u0131\u015fan\u0131n bu istenilen gelece\u011fe do\u011fru ilerlemesini, \u00e7o\u011funlukla k\u00fc\u00e7\u00fck ad\u0131mlarla, zaman zaman da b\u00fcy\u00fck de\u011fi\u015fiklikler yaparak sa\u011flar. \u00c7\u00f6z\u00fcm zaten dan\u0131\u015fan\u0131n ki\u015fisel kaynaklar\u0131nda vard\u0131r. Sorunlara nelerin yol a\u00e7t\u0131\u011f\u0131yla u\u011fra\u015fmaktan \u00e7ok, sorunlar\u0131n nas\u0131l a\u015f\u0131labilece\u011fi \u00fczerinde durulur.<\/p><p>\u00c7\u00f6z\u00fcm Odakl\u0131 Terapi uygulayan terapistler, insan hayat\u0131nda de\u011fi\u015fimin s\u00fcrekli oldu\u011funa inan\u0131r. Bu sayede, dan\u0131\u015fan\u0131n kendisine istedikleri do\u011frultuda bir gelece\u011fe ula\u015fmak i\u00e7in sa\u011flam hedefler koymas\u0131n\u0131 sa\u011flar. Bu noktada da terapistin g\u00f6revi, dan\u0131\u015fan\u0131 bu gelece\u011fe y\u00f6nlendirmek, hedeflerini ger\u00e7ekle\u015ftirmesini sa\u011flamakt\u0131r.<\/p><p>Bu terapi \u00fc\u00e7 temel soruya dayand\u0131r\u0131l\u0131r.<\/p><p>Birincisi: Bu terapiden beklentileriniz neler?<br \/>\u0130kincisi: Beklentilerinizin ger\u00e7ekle\u015fti\u011fi durumda g\u00fcndelik hayat\u0131n\u0131zda neler de\u011fi\u015fir?<br \/>Sonuncusu: Beklentileri ger\u00e7ekle\u015ftirmek u\u011fruna atm\u0131\u015f oldu\u011funuz ad\u0131mlar nelerdir?<\/p><p>Bu sorular\u0131n yap\u0131c\u0131 cevaplar\u0131 dan\u0131\u015fan taraf\u0131ndan verilebildi\u011fi zaman, \u00f6nemli de\u011fi\u015fiklikler yarat\u0131r. Terapistin amac\u0131, bu sorular\u0131 dan\u0131\u015fana kendi cevaplar\u0131n\u0131 bulmaya te\u015fvik edici ve harekete ge\u00e7irici bi\u00e7imde sunmakt\u0131r.<\/p>\t\t\t\t\t\t<\/div>\n\t\t\t\t<\/div>\n\t\t\t\t\t<\/div>\n\t\t<\/div>\n\t\t\t\t\t\t\t<\/div>\n\t\t<\/section>\n\t\t\t\t\t\t<\/div>\n\t\t\t\t\t<\/div>\n\t\t","protected":false},"excerpt":{"rendered":"<p>\u00c7\u00d6Z\u00dcM ODAKLI TERAP\u0130 \u00c7\u00f6z\u00fcm Odakl\u0131 Terapi dan\u0131\u015fan\u0131 terapiye y\u00f6nlendiren sorunlar\u0131n niteli\u011fine odaklanmak yerine, terapi s\u00fcreci sonunda elde etmek istedikleri ve ba\u015farmak istedikleri hedefler \u00fczerine odaklanan 50 y\u0131ll\u0131k bir terapi y\u00f6ntemidir. Geleneksel terapiler, b\u00fcy\u00fck \u00f6l\u00e7\u00fcde ge\u00e7mi\u015fe, ge\u00e7mi\u015fte ya\u015fanan olaylara, ili\u015fkilere odaklan\u0131r. \u00c7\u00f6z\u00fcm Odakl\u0131 Terapi ise, hedefleri netle\u015ftirmeye ve dan\u0131\u015fan\u0131n ayn\u0131 sorunlarla ge\u00e7mi\u015fte ba\u015fa \u00e7\u0131kabildi\u011fi durumlara odaklan\u0131r. &hellip;<\/p>\n<p class=\"read-more\"> <a class=\"\" href=\"https:\/\/sifahatunyasamakademisi.com\/index.php\/cozum-odakli-terapi\/\"> <span class=\"screen-reader-text\">\u00c7\u00d6Z\u00dcM ODAKLI TERAP\u0130<\/span> Devam\u0131 &raquo;<\/a><\/p>\n","protected":false},"author":1,"featured_media":0,"parent":0,"menu_order":0,"comment_status":"closed","ping_status":"closed","template":"","meta":{"site-sidebar-layout":"no-sidebar","site-content-layout":"page-builder","ast-main-header-display":"","ast-hfb-above-header-display":"","ast-hfb-below-header-display":"","ast-hfb-mobile-header-display":"","site-post-title":"disabled","ast-breadcrumbs-content":"disabled","ast-featured-img":"disabled","footer-sml-layout":"","theme-transparent-header-meta":"enabled","adv-header-id-meta":"","stick-header-meta":"","header-above-stick-meta":"","header-main-stick-meta":"","header-below-stick-meta":"","footnotes":""},"class_list":["post-422","page","type-page","status-publish","hentry"],"_links":{"self":[{"href":"https:\/\/sifahatunyasamakademisi.com\/index.php\/wp-json\/wp\/v2\/pages\/422","targetHints":{"allow":["GET"]}}],"collection":[{"href":"https:\/\/sifahatunyasamakademisi.com\/index.php\/wp-json\/wp\/v2\/pages"}],"about":[{"href":"https:\/\/sifahatunyasamakademisi.com\/index.php\/wp-json\/wp\/v2\/types\/page"}],"author":[{"embeddable":true,"href":"https:\/\/sifahatunyasamakademisi.com\/index.php\/wp-json\/wp\/v2\/users\/1"}],"replies":[{"embeddable":true,"href":"https:\/\/sifahatunyasamakademisi.com\/index.php\/wp-json\/wp\/v2\/comments?post=422"}],"version-history":[{"count":7,"href":"https:\/\/sifahatunyasamakademisi.com\/index.php\/wp-json\/wp\/v2\/pages\/422\/revisions"}],"predecessor-version":[{"id":435,"href":"https:\/\/sifahatunyasamakademisi.com\/index.php\/wp-json\/wp\/v2\/pages\/422\/revisions\/435"}],"wp:attachment":[{"href":"https:\/\/sifahatunyasamakademisi.com\/index.php\/wp-json\/wp\/v2\/media?parent=422"}],"curies":[{"name":"wp","href":"https:\/\/api.w.org\/{rel}","templated":true}]}}